vided by 22584?
10
Calculate the remainder when 4590 is divided by 4.
2
Calculate the remainder when 15222 is divided by 406.
200
Calculate the remainder when 430014 is divided by 46.
6
Calculate the remainder when 8566 is divided by 8542.
24
What is the remainder when 33729 is divided by 11241?
6
Calculate the remainder when 706128 is divided by 241.
239
What is the remainder when 13759 is divided by 526?
83
Calculate the remainder when 3441730 is divided by 359.
356
What is the remainder when 2345 is divided by 25?
20
What is the remainder when 10747 is divided by 3560?
67
Calculate the remainder when 137142 is divided by 275.
192
Calculate the remainder when 2435 is divided by 352.
323
What is the remainder when 1068597 is divided by 25?
22
What is the remainder when 133891 is divided by 1539?
1537
What is the remainder when 1627201 is divided by 13?
4
What is the remainder when 3201 is divided by 104?
81
Calculate the remainder when 111102 is divided by 118.
64
What is the remainder when 8269 is divided by 236?
9
What is the remainder when 526594 is divided by 14?
12
Calculate the remainder when 10458671 is divided by 47.
43
What is the remainder when 266803 is divided by 7?
5
What is the remainder when 70011 is divided by 2692?
19
What is the remainder when 861 is divided by 787?
74
What is the remainder when 6191 is divided by 6148?
43
What is the remainder when 5303 is divided by 3589?
1714
Calculate the remainder when 507 is divided by 192.
123
What is the remainder when 75162 is divided by 12512?
90
What is the remainder when 7962 is divided by 92?
50
Calculate the remainder when 647 is divided by 255.
137
What is the remainder when 926663 is divided by 237?
230
Calculate the remainder when 860 is divided by 54.
50
What is the remainder when 5315 is divided by 2373?
569
What is the remainder when 13164 is divided by 72?
60
Calculate the remainder when 405 is divided by 114.
63
Calculate the remainder when 54564 is divided by 3031.
6
What is the remainder when 9821 is divided by 1222?
45
What is the remainder when 27594 is divided by 27558?
36
What is the remainder when 54776 is divided by 33?
29
Calculate the remainder when 1015 is divided by 33.
25
Calculate the remainder when 1676 is divided by 23.
20
What is the remainder when 2593 is divided by 3?
1
What is the remainder when 844 is divided by 411?
22
Calculate the remainder when 610 is divided by 449.
161
What is the remainder when 14748 is divided by 14126?
622
Calculate the remainder when 52672 is divided by 1822.
1656
What is the remainder when 2468645 is divided by 35?
25
What is the remainder when 5497 is divided by 100?
97
What is the remainder when 14630 is divided by 57?
38
What is the remainder when 222958 is divided by 34?
20
What is the remainder when 22628 is divided by 10?
8
What is the remainder when 125 is divided by 44?
37
Calculate the remainder when 1137 is divided by 541.
55
What is the remainder when 575 is divided by 121?
91
What is the remainder when 3736 is divided by 1810?
116
What is the remainder when 3492 is divided by 1019?
435
Calculate the remainder when 26014 is divided by 472.
54
What is the remainder when 172217 is divided by 69?
62
Calculate the remainder when 190962 is divided by 50.
12
Calculate the remainder when 187466 is divided by 9866.
12
What is the remainder when 34664 is divided by 197?
189
What is the remainder when 542299 is divided by 850?
849
Calculate the remainder when 35941 is divided by 229.
217
Calculate the remainder when 985 is divided by 420.
145
What is the remainder when 34042 is divided by 9?
4
What is the remainder when 19627 is divided by 45?
7
Calculate the remainder when 423960 is divided by 154.
152
What is the remainder when 3394 is divided by 284?
270
Calculate the remainder when 341634 is divided by 41.
22
What is the remainder when 1531 is divided by 345?
151
Calculate the remainder when 1361 is divided by 89.
26
What is the remainder when 26725 is divided by 103?
48
Calculate the remainder when 5050 is divided by 2477.
96
What is the remainder when 1850 is divided by 171?
140
What is the remainder when 254666 is divided by 65?
61
Calculate the remainder when 19959 is divided by 539.
16
Calculate the remainder when 266049 is divided by 234.
225
What is the remainder when 9942 is divided by 764?
10
What is the remainder when 2222 is divided by 1102?
18
Calculate the remainder when 152731 is divided by 139.
109
Calculate the remainder when 90629 is divided by 95.
94
Calculate the remainder when 63757 is divided by 142.
141
What is the remainder when 4883 is divided by 123?
86
Calculate the remainder when 53777 is divided by 7669.
94
What is the remainder when 284953 is divided by 58?
57
What is the remainder when 4401 is divided by 336?
33
Calculate the remainder when 49369 is divided by 153.
103
Calculate the remainder when 17479 is divided by 65.
59
Calculate the remainder when 1416 is divided by 694.
28
Calculate the remainder when 110543 is divided by 336.
335
Calculate the remainder when 4366 is divided by 398.
386
Calculate the remainder when 46969 is divided by 23478.
13
What is the remainder when 3124 is divided by 1366?
392
What is the remainder when 93053 is divided by 32?
29
What is the remainder when 603564 is divided by 56?
52
What is the remainder when 53321 is divided by 17765?
26
What is the remainder when 28077 is divided by 144?
141
Calculate the remainder when 70887 is divided by 54.
39
What is the remainder when 156399 is divided by 8688?
15
Calculate the remainder when 460839 is divided by 328.
327
Calculate the remainder when 2385 is divided by 240.
225
Calculate the remainder when 179321 is divided by 29866.
125
Calculate the remainder when 164874 is divided by 92.
10
What is the remainder when 9138 is divided by 3007?
117
What is the remainder when 151510 is divided by 193?
5
Calculate the remainder when 31753 is divided by 2265.
43
What is the remainder when 1750 is divided by 45?
40
Calculate the remainder when 3672 is divided by 737.
724
What is the remainder when 6297 is divided by 242?
5
What is the remainder when 46548 is divided by 133?
131
What is the remainder when 174 is divided by 92?
82
What is the remainder when 152680 is divided by 16964?
4
What is the remainder when 4871 is divided by 686?
69
Calculate the remainder when 8320 is divided by 922.
22
What is the remainder when 22430 is divided by 60?
50
What is the remainder when 4793427 is divided by 10?
7
What is the remainder when 78827 is divided by 302?
5
What is the remainder when 36930 is divided by 18462?
6
What is the remainder when 75572 is divided by 440?
332
What is the remainder when 2963 is divided by 13?
12
Calculate the remainder when 27051 is divided by 13496.
59
What is the remainder when 4907 is divided by 20?
7
Calculate the remainder when 1390 is divided by 38.
22
Calculate the remainder when 29185 is divided by 301.
289
Calculate the remainder when 18558 is divided by 10.
8
What is the remainder when 107034 is divided by 358?
350
Calculate the remainder when 238 is divided by 67.
37
Calculate the remainder when 141283 is divided by 143.
142
What is the remainder when 7598 is divided by 579?
71
What is the remainder when 77552 is divided by 23?
19
What is the remainder when 12749 is divided by 2357?
964
What is the remainder when 3485 is divided by 192?
29
Calculate the remainder when 54053 is divided by 34.
27
Calculate the remainder when 4927 is divided by 1193.
155
Calculate the remainder when 57619 is divided by 44.
23
What is the remainder when 9514 is divided by 81?
37
What is the remainder when 87922 is divided by 14647?
40
Calculate the remainder when 17281 is divided by 121.
99
What is the remainder when 776 is divided by 305?
166
What is the remainder when 27527 is divided by 912?
167
What is the remainder when 75085 is divided by 24905?
370
What is the remainder when 55717 is divided by 66?
13
Calculate the remainder when 8031 is divided by 2666.
33
What is the remainder when 4462 is divided by 17?
8
What is the remainder when 1948 is divided by 589?
181
Calculate the remainder when 590 is divided by 284.
22
What is the remainder when 123000 is divided by 494?
488
Calculate the remainder when 